{"id":60,"date":"2018-08-27T02:40:52","date_gmt":"2018-08-27T02:40:52","guid":{"rendered":"http:\/\/www.lapluma.net\/?page_id=60"},"modified":"2024-09-14T13:02:23","modified_gmt":"2024-09-14T13:02:23","slug":"nosotros","status":"publish","type":"page","link":"https:\/\/www.lapluma.net\/fr\/nosotros\/","title":{"rendered":"QUI SOMMES-NOUS"},"content":{"rendered":"<p>Qui sommes-nous ?<\/span><\/p>\n<p style=\"text-align: justify;\"><span style=\"font-size: 14pt;\">La Pluma est un site ou\u00e8be de presse alternative bilingue et non align\u00e9 qui cherche \u00e0 contribuer \u00e0 l&rsquo;analyse de la r\u00e9alit\u00e9 politique, \u00e9ducative, sociale et culturelle depuis une perspective critique et pluraliste, en informant sur la r\u00e9alit\u00e9 du monde contemporain, nourri par les contributions de nos collaborateurs et d&rsquo;autres m\u00e9dias amis dans le but de sensibiliser l&rsquo;opinion et de promouvoir le d\u00e9bat public.<\/span><\/p>\n<p style=\"text-align: justify;\"><span style=\"font-size: 14pt;\">Pour nous, il s&rsquo;agit de l&rsquo;\u00e9change de connaissances et d&rsquo;informations entre professionnels de diff\u00e9rents m\u00e9dias, mais aussi entre universitaires, journalistes, communicateurs sociaux, chercheurs en sciences humaines, \u00e9crivains, conseillers, autodidactes&#8230; Nous encourageons la communication horizontale, l&rsquo;information de base et la construction d&rsquo;un r\u00e9seau social, en soulignant l&rsquo;importance de l&rsquo;organisation de la gauche.<\/span><\/p>\n<p style=\"text-align: justify;\"><span style=\"font-size: 14pt;\">Nous d\u00e9non\u00e7ons les sc\u00e9narios mondiaux de d\u00e9s\u00e9quilibres institutionnels et d&rsquo;in\u00e9galit\u00e9s sociales. Nous d\u00e9fendons l&rsquo;esprit critique et les droits humains.<\/span><\/p>\n<p style=\"text-align: justify;\"><span style=\"font-size: 14pt;\">Nous donnons la priorit\u00e9 \u00e0 des questions telles que : les impacts culturels et socio-\u00e9conomiques de l&rsquo;agriculture g\u00e9n\u00e9tiquement modifi\u00e9e, le changement climatique global, la transformation agraire et la souverainet\u00e9 alimentaire. Les transformations du monde du travail, leurs effets socio-\u00e9conomiques et culturels, la pauvret\u00e9 et l&rsquo;exclusion, ainsi que les relations internationales con\u00e7ues par le Nord et les strat\u00e9gies du Sud. Les dettes ill\u00e9gitimes, le droit \u00e0 l&rsquo;\u00e9ducation et \u00e0 la sant\u00e9. Migration, mobilit\u00e9 urbaine, in\u00e9galit\u00e9s sociales. Le processus de paix et les perspectives d\u00e9mocratiques en Colombie, entre autres.<\/span><\/p>\n<p style=\"text-align: justify;\"><span style=\"font-size: 14pt;\">Avant tout, nous croyons en la diversit\u00e9 des opinions et publions donc des textes avec lesquels nous ne sommes pas forc\u00e9ment d&rsquo;accord. Les opinions exprim\u00e9es rel\u00e8vent de la seule responsabilit\u00e9 de leurs auteurs.<\/p>\n","protected":false},"excerpt":{"rendered":"<p>Qui sommes-nous ? La Pluma est un site ou&egrave;be de presse alternative bilingue et non align&eacute; qui cherche &agrave; contribuer &agrave; l&rsquo;analyse de la r&eacute;alit&eacute; politique, &eacute;ducative, sociale et culturelle depuis une perspective critique et pluraliste, en informant sur la r&eacute;alit&eacute; du monde contemporain, nourri par les contributions de nos collaborateurs et d&rsquo;autres m&eacute;dias amis&#8230;<\/p>\n","protected":false},"author":1,"featured_media":0,"parent":0,"menu_order":0,"comment_status":"closed","ping_status":"closed","template":"","meta":{"_uf_show_specific_survey":0,"_uf_disable_surveys":false,"footnotes":""},"coauthors":[220],"class_list":["post-60","page","type-page","status-publish","hentry"],"translation":{"provider":"WPGlobus","version":"2.12.2","language":"fr","enabled_languages":["es","fr"],"languages":{"es":{"title":true,"content":true,"excerpt":false},"fr":{"title":true,"content":true,"excerpt":false}}},"_links":{"self":[{"href":"https:\/\/www.lapluma.net\/fr\/wp-json\/wp\/v2\/pages\/60","targetHints":{"allow":["GET"]}}],"collection":[{"href":"https:\/\/www.lapluma.net\/fr\/wp-json\/wp\/v2\/pages"}],"about":[{"href":"https:\/\/www.lapluma.net\/fr\/wp-json\/wp\/v2\/types\/page"}],"author":[{"embeddable":true,"href":"https:\/\/www.lapluma.net\/fr\/wp-json\/wp\/v2\/users\/1"}],"replies":[{"embeddable":true,"href":"https:\/\/www.lapluma.net\/fr\/wp-json\/wp\/v2\/comments?post=60"}],"version-history":[{"count":14,"href":"https:\/\/www.lapluma.net\/fr\/wp-json\/wp\/v2\/pages\/60\/revisions"}],"predecessor-version":[{"id":71087,"href":"https:\/\/www.lapluma.net\/fr\/wp-json\/wp\/v2\/pages\/60\/revisions\/71087"}],"wp:attachment":[{"href":"https:\/\/www.lapluma.net\/fr\/wp-json\/wp\/v2\/media?parent=60"}],"wp:term":[{"taxonomy":"author","embeddable":true,"href":"https:\/\/www.lapluma.net\/fr\/wp-json\/wp\/v2\/coauthors?post=60"}],"curies":[{"name":"wp","href":"https:\/\/api.w.org\/{rel}","templated":true}]}}

<p>Qui sommes-nous ?</span></p>
<p style="text-align: justify;"><span style="font-size: 14pt;">La Pluma est un site ouèbe de presse alternative bilingue et non aligné qui cherche à contribuer à l&rsquo;analyse de la réalité politique, éducative, sociale et culturelle depuis une perspective critique et pluraliste, en informant sur la réalité du monde contemporain, nourri par les contributions de nos collaborateurs et d&rsquo;autres médias amis dans le but de sensibiliser l&rsquo;opinion et de promouvoir le débat public.</span></p>
<p style="text-align: justify;"><span style="font-size: 14pt;">Pour nous, il s&rsquo;agit de l&rsquo;échange de connaissances et d&rsquo;informations entre professionnels de différents médias, mais aussi entre universitaires, journalistes, communicateurs sociaux, chercheurs en sciences humaines, écrivains, conseillers, autodidactes&#8230; Nous encourageons la communication horizontale, l&rsquo;information de base et la construction d&rsquo;un réseau social, en soulignant l&rsquo;importance de l&rsquo;organisation de la gauche.</span></p>
<p style="text-align: justify;"><span style="font-size: 14pt;">Nous dénonçons les scénarios mondiaux de déséquilibres institutionnels et d&rsquo;inégalités sociales. Nous défendons l&rsquo;esprit critique et les droits humains.</span></p>
<p style="text-align: justify;"><span style="font-size: 14pt;">Nous donnons la priorité à des questions telles que : les impacts culturels et socio-économiques de l&rsquo;agriculture génétiquement modifiée, le changement climatique global, la transformation agraire et la souveraineté alimentaire. Les transformations du monde du travail, leurs effets socio-économiques et culturels, la pauvreté et l&rsquo;exclusion, ainsi que les relations internationales conçues par le Nord et les stratégies du Sud. Les dettes illégitimes, le droit à l&rsquo;éducation et à la santé. Migration, mobilité urbaine, inégalités sociales. Le processus de paix et les perspectives démocratiques en Colombie, entre autres.</span></p>
<p style="text-align: justify;"><span style="font-size: 14pt;">Avant tout, nous croyons en la diversité des opinions et publions donc des textes avec lesquels nous ne sommes pas forcément d&rsquo;accord. Les opinions exprimées relèvent de la seule responsabilité de leurs auteurs.</p>
